and 48.
48
Let y(a) = 26*a**3 - 4*a**2 + 40*a - 64. Let o be y(2). Calculate the greatest common divisor of 416 and o.
208
Suppose -6*h + 8*h - 350 = -6*m, -2*m - 2*h + 126 = 0. Calculate the greatest common divisor of 1064 and m.
56
Let s be ((-3)/(-2))/(-6*2/32). Let y be (-169)/s - 12/48. Calculate the highest common divisor of 48 and y.
6
Let q(g) = -13*g**3 + 9*g**2 - 9*g - 13*g**3 - 25 - 7*g**3 + 34*g**3. Let t be q(-9). What is the highest common divisor of 70 and t?
14
Let c be ((-251)/(-2))/(-4 + (-1252)/(-312)). Calculate the highest common divisor of 39 and c.
39
Let s be ((-29)/21 - 4/12)*-14. Let f = -19 + s. Let w(d) = 4*d**2 - 2*d + 9. Let u be w(f). What is the greatest common divisor of u and 33?
33
Suppose 25*q + 21 = 4*q. Let a be 0/(q - 4)*1 - -17. What is the highest common divisor of a and 170?
17
Suppose 8*f - 5*w - 4138 = 0, 4*f - 2072 = -w + 5*w. Calculate the highest common factor of f and 84.
12
Let q = -635 + 707. Suppose -q = -14*i + 68. What is the greatest common divisor of 90 and i?
10
Let c be (320/(-15))/(((-49)/(-21) - 3)/1). Suppose 0*j - 5*j = -80. Calculate the greatest common divisor of c and j.
16
Suppose -84 = -p - 0*p. Suppose -4*a = -5*l + 1063, -12*a - 795 = -9*a - 3*l. Let z = -250 - a. What is the highest common divisor of p and z?
12
Let u be -4 + 11/(11/6). Suppose u*c + 2*c - 2 = 3*q, 0 = -4*q - 5*c + 49. Let a be (4/q)/(6/81). What is the greatest common divisor of a and 36?
9
Let v = -76 - -82. Let f = 15 - 15. Suppose -v*d + 18 = -f*d. What is the greatest common divisor of 27 and d?
3
Let m = 52 - 50. Suppose -2*b - 5*v = -b - 22, 5*b + m*v - 18 = 0. Let h be (5 - -1)/(-1 + b). What is the highest common factor of h and 48?
6
Let d(q) = 4*q**2 - 54*q + 521. Let z be d(24). Calculate the greatest common factor of 695 and z.
139
Let x = -4382 + 4412. What is the highest common factor of x and 10?
10
Let p = -6237 - -6978. What is the highest common factor of p and 156?
39
Let l = 78 + -40. Let q = l + -9. Let y = -520 + 781. What is the greatest common factor of q and y?
29
Let b(l) = l**3 - 4*l**2 - 78*l - 82. Let k be b(12). What is the highest common factor of k and 9514?
134
Let u(m) = 44*m**2 - 3*m + 1. Let g be u(1). Let y be g/18 - 2/6. Suppose -y*o - 3*o - b + 9 = 0, 2*b + 2 = 0. Calculate the highest common factor of 3 and o.
1
Suppose -25 = 5*v, 2*c + 4 = -3*v + v. Let f(x) = 50*x - 13. Let k be f(c). Suppose -6*i = -k + 35. What is the greatest common factor of i and 51?
17
Suppose 111*d = -198*d + 2723835. Calculate the highest common divisor of 205 and d.
205
Let y be (13/(1716/24))/((-3)/(6*-11)). Let r = 365 - -23. Calculate the highest common factor of y and r.
4
Suppose 3*u + 22 = -3*g + 277, 3*g + 5*u = 245. Suppose 1994*m = 1997*m - g. What is the greatest common divisor of m and 735?
15
Suppose 370 = 5*l - 510 + 60. Calculate the greatest common factor of l and 533.
41
Let b be 12/36 + -2*(-14)/(-12). Let s(v) = -2 + 0 + 6 + 0 - 4*v. Let y be s(b). Calculate the highest common factor of y and 18.
6
Let m be (1 - 2)*(9 + -2). Let f(a) = -a**2 + 12*a - 18. Let p be f(11). Let q be (-1)/m - 244/p. What is the greatest common divisor of 5 and q?
5
Let a(s) = 188*s + 1701. Let b be a(-9). Calculate the highest common factor of b and 657.
9
Let c(h) = -113*h + 46. Let b be c(-7). Let o = 138 + -45. What is the greatest common divisor of o and b?
93
Let a(p) be the first derivative of -8/3*p**3 + 1/2*p**4 - 13*p + 13 - p**2. Let t be a(6). What is the greatest common factor of t and 7?
7
Let f be (-1332)/(-777) - 186/(-14). What is the greatest common factor of f and 735?
15
Suppose 47*b - 4815 = 355. What is the greatest common divisor of b and 10?
10
Let w = 10040 - 9435. What is the greatest common divisor of w and 594?
11
Let p be (-204)/(-33) + -3 - (-2)/(-11). Let h be 1*-3 - ((-621)/p + 0). What is the greatest common divisor of 24 and h?
12
Suppose 10655*x - 10672*x + 503863 = 0. Calculate the greatest common factor of 554 and x.
277
Suppose -7*d - 48 = -258. Suppose d = 4*s + a - 0*a, -5*a = -5*s + 25. What is the highest common divisor of 14 and s?
7
Let b(p) = -2*p**3 + 7*p**2 - 2*p + 37. Let f be b(-7). Suppose -3*i + f = -5*h, -5*i = 4*h - 760 - 1040. Calculate the highest common factor of i and 48.
24
Suppose 628 = 4*p + 2*m, -23*m = -p - 30*m + 118. Calculate the highest common factor of 170 and p.
10
Let r be ((-226)/8 - (-25)/5)*12. Let y = r + 339. Calculate the highest common divisor of y and 270.
30
Suppose -1262 = -3*g + 907. Suppose f - 1467 = -g. What is the highest common factor of 24 and f?
24
Let j(d) = d**3 - 11*d**2 + 92*d - 32. Let o be j(18). Calculate the greatest common divisor of o and 56.
28
Let d(o) = 2*o**2 - 1 - 730*o**3 - 6 - o + 9 + 732*o**3. Let q = 2 + 0. Let a be d(q). What is the highest common factor of a and 72?
24
Let j = 5356 + -5316. What is the highest common divisor of 1730 and j?
10
Let z be -10*((-2310)/(-280))/((-3)/2) - 0. What is the greatest common divisor of 1936 and z?
11
Let q = 17 - 51. Let o = -32 - q. Suppose -o*g = 2*i - 18, 0*g - 5 = -i + 3*g. Calculate the greatest common factor of i and 2.
2
Let n(f) = -f**3 + 12*f**2 + 28*f + 4. Let r be n(14). Suppose 2*b - 150 = -3*k, -k + r*b - 8 = -44. What is the highest common factor of 6 and k?
6
Let z(t) = -t**2 - 40*t - 168. Let a be z(-5). Suppose 7*u - 2*u = 70. Suppose -u = -a*w + 5*w. Calculate the greatest common divisor of w and 91.
7
Let n = -4373 - -5153. Calculate the greatest common divisor of n and 510.
30
Let y = 3569 + -1841. Calculate the highest common factor of 128 and y.
64
Suppose 78540 = -114*w + 135*w. Calculate the highest common divisor of 44 and w.
44
Suppose -3*d = 2*j - 2, -3*j + 6 - 1 = 5*d. Suppose 5*w - 251 - 4 = d*a, 2*w = -a + 115. Suppose -r = 2*r - 15. Calculate the highest common factor of r and w.
5
Let w be 2/6 - 314/(-3). Let d(q) = q**3 - 11*q**2 + 25*q + 7. Let n = -1673 - -1681. Let s be d(n). Calculate the highest common divisor of w and s.
15
Let s(d) = 8*d**3 - 81*d**2 + 11*d. Let w be s(10). Let m be 3 - 0/3 - -307. Calculate the highest common divisor of m and w.
10
Let r(i) = 0 - 1 - 4 - i + 1. Let b be r(13). Let w = -7 - b. What is the greatest common factor of 10 and w?
10
Suppose -7262*g = -7250*g - 177912. Calculate the greatest common factor of 21 and g.
21
Suppose 7*q - 3 = 11. Let h be (q - -1) + (5 - 1). Let j be 14/((-20)/11 + 2). Calculate the greatest common divisor of h and j.
7
Suppose 38*q - 131423 = 92536 + 24333. What is the greatest common divisor of q and 126?
18
Let z be 18/(36/(-6) + (26280/2187)/2). Calculate the greatest common divisor of 189 and z.
27
Let u be ((-9)/(-6))/((-2)/1600). Let b be u/56 - ((-10)/7 + 1). Let f be (-520)/(-28) + (-9)/b. What is the highest common factor of 171 and f?
19
Suppose 0 = -r + 26*f - 24*f + 890, -5*r = -2*f - 4490. What is the highest common factor of r and 12?
12
Let p = 5119 - 3823. What is the greatest common factor of p and 16?
16
Suppose 0 = -24*w + 19*w + 90. Suppose -w*f + 682 = -758. What is the highest common factor of 340 and f?
20
Suppose -a + 941 = -2*t, -3*t + 7 - 22 = 0. What is the greatest common divisor of a and 98?
49
Let o(a) = -a**2 - 9*a + 27. Let n be 9/(-3) - 1869/(-7). Let y be ((-6)/9)/(16/n). Let k be o(y). What is the highest common divisor of 3 and k?
1
Suppose -82*j = 127 - 214 - 487. What is the greatest common factor of j and 161?
7
Suppose 4*l - 5*g + 30 = 164, 0 = -3*l + 4*g + 100. What is the highest common divisor of l and 32?
4
Let c = -29 - -101. Let n be 64/48 + (-2233)/(-87). Calculate the highest common divisor of c and n.
9
Let z be 742/3 + 1 + 1/(-3). Suppose -56 = -4*t - z. Let l = t + 59. What is the highest common divisor of 11 and l?
11
Let x be 179950/177 - (-14)/(-3). Calculate the greatest common divisor of x and 352.
44
Let d be 4/6 - (3 + 1443/(-9)*1). Calculate the highest common factor of d and 158.
158
Let n = -16029 + 40218. What is the highest common divisor of n and 33?
33
Let a be ((-12)/10)/((-2)/20). Let n = 4385 - 4301. What is the greatest common divisor of n and a?
12
Suppose -261112 + 30658 = 262*f - 304*f. What is the greatest common factor of f and 248?
31
Let b(g) = 3*g**2 + 39*g - 12. Let l be (-7